{"id":37,"date":"2024-05-21T19:03:12","date_gmt":"2024-05-21T19:03:12","guid":{"rendered":"https:\/\/pandjedeurne.nl\/?page_id=37"},"modified":"2025-03-29T14:58:01","modified_gmt":"2025-03-29T14:58:01","slug":"groepsarrangementen","status":"publish","type":"page","link":"https:\/\/pandjedeurne.nl\/index.php\/groepsarrangementen\/","title":{"rendered":"Groepsarrangementen"},"content":{"rendered":"<figure class=\"wp-block-pullquote\"><blockquote><p>Jouw perfecte activiteit voor iedere gelegenheid<\/p><\/blockquote><\/figure><p>Caf\u00e9 &#8216;T Pandje in Deurne, d\u00e9 plek voor jouw volgende groepsuitje! Of je nu een verjaardag, vrijgezellenfeest of re\u00fcnie plant, wij hebben de perfecte arrangementen voor jou en je gezelschap. In ons gezellige caf\u00e9 zorgen we voor een onvergetelijke ervaring met op maat gemaakte pakketten die gegarandeerd voor plezier en gezelligheid zorgen. Kies hieronder en ontdek onze verschillende arrangementen. Wij staan klaar om jouw volgende uitje tot een groot succes te maken! Wij staan open voor alles en alles is bespreekbaar. Enkele idee\u00ebn: <\/p><ul class=\"wp-block-list\"><li>Onbeperkt + eten<\/li>\n\n<li>Fustje afkopen<\/li>\n\n<li>Speciaalbier proeverij<\/li><\/ul><p><\/p>","protected":false},"excerpt":{"rendered":"<p>Jouw perfecte activiteit voor iedere gelegenheid Caf\u00e9 &#8216;T Pandje in Deurne, d\u00e9 plek voor jouw volgende groepsuitje! Of je nu [&hellip;]<\/p>\n","protected":false},"author":1,"featured_media":0,"parent":0,"menu_order":0,"comment_status":"closed","ping_status":"closed","template":"","meta":{"site-sidebar-layout":"default","site-content-layout":"","ast-site-content-layout":"default","site-content-style":"default","site-sidebar-style":"default","ast-global-header-display":"","ast-banner-title-visibility":"","ast-main-header-display":"","ast-hfb-above-header-display":"","ast-hfb-below-header-display":"","ast-hfb-mobile-header-display":"","site-post-title":"","ast-breadcrumbs-content":"","ast-featured-img":"","footer-sml-layout":"","ast-disable-related-posts":"","theme-transparent-header-meta":"","adv-header-id-meta":"","stick-header-meta":"","header-above-stick-meta":"","header-main-stick-meta":"","header-below-stick-meta":"","astra-migrate-meta-layouts":"default","ast-page-background-enabled":"default","ast-page-background-meta":{"desktop":{"background-color":"var(--ast-global-color-4)","background-image":"","background-repeat":"repeat","background-position":"center center","background-size":"auto","background-attachment":"scroll","background-type":"","background-media":"","overlay-type":"","overlay-color":"","overlay-opacity":"","overlay-gradient":""},"tablet":{"background-color":"","background-image":"","background-repeat":"repeat","background-position":"center center","background-size":"auto","background-attachment":"scroll","background-type":"","background-media":"","overlay-type":"","overlay-color":"","overlay-opacity":"","overlay-gradient":""},"mobile":{"background-color":"","background-image":"","background-repeat":"repeat","background-position":"center center","background-size":"auto","background-attachment":"scroll","background-type":"","background-media":"","overlay-type":"","overlay-color":"","overlay-opacity":"","overlay-gradient":""}},"ast-content-background-meta":{"desktop":{"background-color":"var(--ast-global-color-5)","background-image":"","background-repeat":"repeat","background-position":"center center","background-size":"auto","background-attachment":"scroll","background-type":"","background-media":"","overlay-type":"","overlay-color":"","overlay-opacity":"","overlay-gradient":""},"tablet":{"background-color":"var(--ast-global-color-5)","background-image":"","background-repeat":"repeat","background-position":"center center","background-size":"auto","background-attachment":"scroll","background-type":"","background-media":"","overlay-type":"","overlay-color":"","overlay-opacity":"","overlay-gradient":""},"mobile":{"background-color":"var(--ast-global-color-5)","background-image":"","background-repeat":"repeat","background-position":"center center","background-size":"auto","background-attachment":"scroll","background-type":"","background-media":"","overlay-type":"","overlay-color":"","overlay-opacity":"","overlay-gradient":""}},"footnotes":""},"class_list":["post-37","page","type-page","status-publish","hentry"],"yoast_head":"<!-- This site is optimized with the Yoast SEO plugin v27.4 - https:\/\/yoast.com\/product\/yoast-seo-wordpress\/ -->\n<title>&#039;T Pandje Deurne<\/title>\n<meta name=\"description\" content=\"Caf\u00e9 &#039;T Pandje in Deurne, d\u00e9 plek voor jouw volgende groepsuitje! Of je nu een verjaardag, vrijgezellenfeest of re\u00fcnie plant, wij hebb\" \/>\n<meta name=\"robots\" content=\"index, follow, max-snippet:-1, max-image-preview:large, max-video-preview:-1\" \/>\n<link rel=\"canonical\" href=\"https:\/\/pandjedeurne.nl\/index.php\/groepsarrangementen\/\" \/>\n<meta property=\"og:locale\" content=\"nl_NL\" \/>\n<meta property=\"og:type\" content=\"article\" \/>\n<meta property=\"og:title\" content=\"&#039;T Pandje Deurne\" \/>\n<meta property=\"og:description\" content=\"Caf\u00e9 &#039;T Pandje in Deurne, d\u00e9 plek voor jouw volgende groepsuitje! Of je nu een verjaardag, vrijgezellenfeest of re\u00fcnie plant, wij hebb\" \/>\n<meta property=\"og:url\" content=\"https:\/\/pandjedeurne.nl\/index.php\/groepsarrangementen\/\" \/>\n<meta property=\"og:site_name\" content=\"&#039;T Pandje Deurne\" \/>\n<meta property=\"article:modified_time\" content=\"2025-03-29T14:58:01+00:00\" \/>\n<meta name=\"twitter:card\" content=\"summary_large_image\" \/>\n<meta name=\"twitter:label1\" content=\"Geschatte leestijd\" \/>\n\t<meta name=\"twitter:data1\" content=\"1 minuut\" \/>\n<script type=\"application\/ld+json\" class=\"yoast-schema-graph\">{\"@context\":\"https:\\\/\\\/schema.org\",\"@graph\":[{\"@type\":\"WebPage\",\"@id\":\"https:\\\/\\\/pandjedeurne.nl\\\/index.php\\\/groepsarrangementen\\\/\",\"url\":\"https:\\\/\\\/pandjedeurne.nl\\\/index.php\\\/groepsarrangementen\\\/\",\"name\":\"&#039;T Pandje Deurne\",\"isPartOf\":{\"@id\":\"https:\\\/\\\/pandjedeurne.nl\\\/#website\"},\"datePublished\":\"2024-05-21T19:03:12+00:00\",\"dateModified\":\"2025-03-29T14:58:01+00:00\",\"description\":\"Caf\u00e9 'T Pandje in Deurne, d\u00e9 plek voor jouw volgende groepsuitje! Of je nu een verjaardag, vrijgezellenfeest of re\u00fcnie plant, wij hebb\",\"breadcrumb\":{\"@id\":\"https:\\\/\\\/pandjedeurne.nl\\\/index.php\\\/groepsarrangementen\\\/#breadcrumb\"},\"inLanguage\":\"nl-NL\",\"potentialAction\":[{\"@type\":\"ReadAction\",\"target\":[\"https:\\\/\\\/pandjedeurne.nl\\\/index.php\\\/groepsarrangementen\\\/\"]}]},{\"@type\":\"BreadcrumbList\",\"@id\":\"https:\\\/\\\/pandjedeurne.nl\\\/index.php\\\/groepsarrangementen\\\/#breadcrumb\",\"itemListElement\":[{\"@type\":\"ListItem\",\"position\":1,\"name\":\"Home\",\"item\":\"https:\\\/\\\/pandjedeurne.nl\\\/index.php\\\/pandjehome\\\/\"},{\"@type\":\"ListItem\",\"position\":2,\"name\":\"Groepsarrangementen\"}]},{\"@type\":\"WebSite\",\"@id\":\"https:\\\/\\\/pandjedeurne.nl\\\/#website\",\"url\":\"https:\\\/\\\/pandjedeurne.nl\\\/\",\"name\":\"&#039;T Pandje Deurne\",\"description\":\"\",\"publisher\":{\"@id\":\"https:\\\/\\\/pandjedeurne.nl\\\/#organization\"},\"potentialAction\":[{\"@type\":\"SearchAction\",\"target\":{\"@type\":\"EntryPoint\",\"urlTemplate\":\"https:\\\/\\\/pandjedeurne.nl\\\/?s={search_term_string}\"},\"query-input\":{\"@type\":\"PropertyValueSpecification\",\"valueRequired\":true,\"valueName\":\"search_term_string\"}}],\"inLanguage\":\"nl-NL\"},{\"@type\":\"Organization\",\"@id\":\"https:\\\/\\\/pandjedeurne.nl\\\/#organization\",\"name\":\"&#039;T Pandje Deurne\",\"url\":\"https:\\\/\\\/pandjedeurne.nl\\\/\",\"logo\":{\"@type\":\"ImageObject\",\"inLanguage\":\"nl-NL\",\"@id\":\"https:\\\/\\\/pandjedeurne.nl\\\/#\\\/schema\\\/logo\\\/image\\\/\",\"url\":\"https:\\\/\\\/pandjedeurne.nl\\\/wp-content\\\/uploads\\\/2024\\\/05\\\/cropped-onderkant_logo-removebg-preview.png\",\"contentUrl\":\"https:\\\/\\\/pandjedeurne.nl\\\/wp-content\\\/uploads\\\/2024\\\/05\\\/cropped-onderkant_logo-removebg-preview.png\",\"width\":839,\"height\":280,\"caption\":\"&#039;T Pandje Deurne\"},\"image\":{\"@id\":\"https:\\\/\\\/pandjedeurne.nl\\\/#\\\/schema\\\/logo\\\/image\\\/\"}}]}<\/script>\n<!-- \/ Yoast SEO plugin. -->","yoast_head_json":{"title":"&#039;T Pandje Deurne","description":"Caf\u00e9 'T Pandje in Deurne, d\u00e9 plek voor jouw volgende groepsuitje! Of je nu een verjaardag, vrijgezellenfeest of re\u00fcnie plant, wij hebb","robots":{"index":"index","follow":"follow","max-snippet":"max-snippet:-1","max-image-preview":"max-image-preview:large","max-video-preview":"max-video-preview:-1"},"canonical":"https:\/\/pandjedeurne.nl\/index.php\/groepsarrangementen\/","og_locale":"nl_NL","og_type":"article","og_title":"&#039;T Pandje Deurne","og_description":"Caf\u00e9 'T Pandje in Deurne, d\u00e9 plek voor jouw volgende groepsuitje! Of je nu een verjaardag, vrijgezellenfeest of re\u00fcnie plant, wij hebb","og_url":"https:\/\/pandjedeurne.nl\/index.php\/groepsarrangementen\/","og_site_name":"&#039;T Pandje Deurne","article_modified_time":"2025-03-29T14:58:01+00:00","twitter_card":"summary_large_image","twitter_misc":{"Geschatte leestijd":"1 minuut"},"schema":{"@context":"https:\/\/schema.org","@graph":[{"@type":"WebPage","@id":"https:\/\/pandjedeurne.nl\/index.php\/groepsarrangementen\/","url":"https:\/\/pandjedeurne.nl\/index.php\/groepsarrangementen\/","name":"&#039;T Pandje Deurne","isPartOf":{"@id":"https:\/\/pandjedeurne.nl\/#website"},"datePublished":"2024-05-21T19:03:12+00:00","dateModified":"2025-03-29T14:58:01+00:00","description":"Caf\u00e9 'T Pandje in Deurne, d\u00e9 plek voor jouw volgende groepsuitje! Of je nu een verjaardag, vrijgezellenfeest of re\u00fcnie plant, wij hebb","breadcrumb":{"@id":"https:\/\/pandjedeurne.nl\/index.php\/groepsarrangementen\/#breadcrumb"},"inLanguage":"nl-NL","potentialAction":[{"@type":"ReadAction","target":["https:\/\/pandjedeurne.nl\/index.php\/groepsarrangementen\/"]}]},{"@type":"BreadcrumbList","@id":"https:\/\/pandjedeurne.nl\/index.php\/groepsarrangementen\/#breadcrumb","itemListElement":[{"@type":"ListItem","position":1,"name":"Home","item":"https:\/\/pandjedeurne.nl\/index.php\/pandjehome\/"},{"@type":"ListItem","position":2,"name":"Groepsarrangementen"}]},{"@type":"WebSite","@id":"https:\/\/pandjedeurne.nl\/#website","url":"https:\/\/pandjedeurne.nl\/","name":"&#039;T Pandje Deurne","description":"","publisher":{"@id":"https:\/\/pandjedeurne.nl\/#organization"},"potentialAction":[{"@type":"SearchAction","target":{"@type":"EntryPoint","urlTemplate":"https:\/\/pandjedeurne.nl\/?s={search_term_string}"},"query-input":{"@type":"PropertyValueSpecification","valueRequired":true,"valueName":"search_term_string"}}],"inLanguage":"nl-NL"},{"@type":"Organization","@id":"https:\/\/pandjedeurne.nl\/#organization","name":"&#039;T Pandje Deurne","url":"https:\/\/pandjedeurne.nl\/","logo":{"@type":"ImageObject","inLanguage":"nl-NL","@id":"https:\/\/pandjedeurne.nl\/#\/schema\/logo\/image\/","url":"https:\/\/pandjedeurne.nl\/wp-content\/uploads\/2024\/05\/cropped-onderkant_logo-removebg-preview.png","contentUrl":"https:\/\/pandjedeurne.nl\/wp-content\/uploads\/2024\/05\/cropped-onderkant_logo-removebg-preview.png","width":839,"height":280,"caption":"&#039;T Pandje Deurne"},"image":{"@id":"https:\/\/pandjedeurne.nl\/#\/schema\/logo\/image\/"}}]}},"jetpack_sharing_enabled":true,"_links":{"self":[{"href":"https:\/\/pandjedeurne.nl\/index.php\/wp-json\/wp\/v2\/pages\/37","targetHints":{"allow":["GET"]}}],"collection":[{"href":"https:\/\/pandjedeurne.nl\/index.php\/wp-json\/wp\/v2\/pages"}],"about":[{"href":"https:\/\/pandjedeurne.nl\/index.php\/wp-json\/wp\/v2\/types\/page"}],"author":[{"embeddable":true,"href":"https:\/\/pandjedeurne.nl\/index.php\/wp-json\/wp\/v2\/users\/1"}],"replies":[{"embeddable":true,"href":"https:\/\/pandjedeurne.nl\/index.php\/wp-json\/wp\/v2\/comments?post=37"}],"version-history":[{"count":9,"href":"https:\/\/pandjedeurne.nl\/index.php\/wp-json\/wp\/v2\/pages\/37\/revisions"}],"predecessor-version":[{"id":437,"href":"https:\/\/pandjedeurne.nl\/index.php\/wp-json\/wp\/v2\/pages\/37\/revisions\/437"}],"wp:attachment":[{"href":"https:\/\/pandjedeurne.nl\/index.php\/wp-json\/wp\/v2\/media?parent=37"}],"curies":[{"name":"wp","href":"https:\/\/api.w.org\/{rel}","templated":true}]}}